648 and 558?
186
What is the highest common divisor of 9 and 63?
9
Calculate the greatest common divisor of 476 and 136.
68
What is the highest common divisor of 35 and 5?
5
Calculate the greatest common factor of 144 and 176.
16
What is the highest common divisor of 6 and 282?
6
Calculate the highest common divisor of 288 and 117.
9
What is the highest common divisor of 132 and 14982?
66
Calculate the highest common factor of 407 and 22.
11
What is the highest common divisor of 1424 and 32?
16
What is the highest common divisor of 132822 and 141?
141
What is the highest common factor of 322 and 56?
14
Calculate the highest common divisor of 7913 and 579.
193
Calculate the greatest common divisor of 9 and 549.
9
Calculate the highest common factor of 2 and 55.
1
Calculate the highest common divisor of 6210 and 72.
18
Calculate the highest common divisor of 75 and 16800.
75
Calculate the highest common divisor of 759 and 33.
33
What is the greatest common divisor of 22070 and 70?
10
Calculate the greatest common divisor of 194 and 1746.
194
Calculate the greatest common factor of 196 and 8.
4
Calculate the greatest common divisor of 80 and 272.
16
Calculate the highest common factor of 429 and 312.
39
Calculate the highest common divisor of 10 and 540.
10
Calculate the greatest common divisor of 35 and 4480.
35
Calculate the highest common divisor of 13 and 5837.
13
What is the greatest common factor of 3362 and 164?
82
What is the greatest common factor of 820 and 1180?
20
What is the greatest common factor of 30587 and 146?
73
Calculate the greatest common factor of 22 and 176.
22
Calculate the greatest common factor of 15 and 3639.
3
What is the greatest common divisor of 4972 and 22?
22
What is the highest common factor of 1891 and 31?
31
What is the highest common factor of 98 and 1946?
14
Calculate the greatest common divisor of 248 and 217.
31
Calculate the greatest common divisor of 1080 and 1728.
216
What is the greatest common factor of 2117 and 146?
73
What is the greatest common factor of 391 and 17?
17
What is the greatest common factor of 204 and 228?
12
What is the greatest common factor of 44 and 957?
11
What is the greatest common factor of 1441 and 131?
131
What is the highest common divisor of 14 and 217?
7
What is the highest common divisor of 7391 and 95?
19
What is the highest common factor of 580 and 330?
10
What is the greatest common divisor of 1216 and 171?
19
What is the greatest common factor of 1075 and 1175?
25
Calculate the greatest common factor of 326 and 489.
163
Calculate the greatest common factor of 38 and 494.
38
Calculate the greatest common divisor of 712 and 32.
8
What is the highest common divisor of 57290 and 170?
170
What is the greatest common divisor of 96 and 264?
24
What is the greatest common factor of 154 and 49?
7
Calculate the greatest common divisor of 4 and 388.
4
What is the greatest common divisor of 216 and 1836?
108
Calculate the highest common divisor of 104 and 182.
26
What is the highest common divisor of 38 and 4978?
38
What is the highest common divisor of 24 and 5040?
24
What is the highest common factor of 511 and 567?
7
What is the highest common factor of 3 and 489?
3
What is the greatest common factor of 116 and 6293?
29
Calculate the greatest common factor of 286 and 130.
26
Calculate the highest common factor of 3824 and 1673.
239
Calculate the highest common divisor of 53100 and 90.
90
What is the greatest common factor of 10402 and 14?
14
What is the greatest common factor of 656 and 2706?
82
What is the greatest common divisor of 43 and 731?
43
Calculate the highest common divisor of 1152 and 18.
18
Calculate the highest common factor of 1331 and 264.
11
What is the highest common divisor of 41910 and 132?
66
Calculate the greatest common factor of 198 and 253.
11
What is the highest common divisor of 28 and 88?
4
What is the greatest common factor of 13 and 6019?
13
What is the greatest common factor of 548 and 16?
4
Calculate the highest common divisor of 2394 and 152.
38
What is the highest common divisor of 15 and 4065?
15
Calculate the greatest common factor of 671 and 11.
11
Calculate the greatest common divisor of 3339 and 14.
7
Calculate the highest common divisor of 54 and 1674.
54
What is the highest common factor of 17 and 4709?
17
What is the highest common factor of 7 and 1799?
7
What is the greatest common divisor of 51 and 289?
17
Calculate the greatest common factor of 65 and 1664.
13
What is the greatest common factor of 4942 and 14?
14
What is the highest common factor of 28 and 938?
14
What is the highest common factor of 896 and 384?
128
Calculate the highest common factor of 7 and 14.
7
Calculate the highest common divisor of 170 and 730.
10
What is the highest common divisor of 104 and 13?
13
What is the highest common divisor of 1424 and 89?
89
Calculate the greatest common factor of 270 and 1809.
27
What is the highest common divisor of 119 and 14?
7
What is the highest common divisor of 840 and 168?
168
What is the greatest common divisor of 5033 and 7?
7
Calculate the highest common divisor of 1716 and 792.
132
What is the greatest common divisor of 13 and 1391?
13
Calculate the greatest common factor of 120 and 960.
120
Calculate the highest common factor of 140 and 42.
14
What is the greatest common factor of 126 and 1953?
63
What is the greatest common divisor of 1560 and 48?
24
What is the greatest common factor of 50 and 1225?
25
What is the highest common factor of 18 and 1152?
18
Calculate the highest common factor of 100 and 225.
25
Calculate the highest common divisor of 26205 and 5.
5
Calculate the highest common divisor of 486 and 2.
2
What is the highest common divisor of 48 and 12?
12
What is the greatest common factor of 1 and 67?
1
What is the greatest common factor of 669 and 15833?
223
Calculate the greatest common divisor of 789 and 21040.
263
Calculate the greatest common factor of 6 and 1104.
6
Calculate the highest common factor of 468 and 104.
52
What is the highest common divisor of 7124 and 52?
52
Calculate the highest common factor of 18 and 936.
18
Calculate the greatest common factor of 8 and 92.
4
What is the greatest common divisor of 4608 and 1872?
144
Calculate the highest common factor of 30 and 2070.
30
Calculate the highest common divisor of 2688 and 189.
21
Calculate the greatest common factor of 75 and 60.
15
Calculate the greatest common divisor of 3708 and 36.
36
Calculate the highest common factor of 45 and 25.
5
What is the greatest common divisor of 184 and 24?
8
What is the greatest common divisor of 132 and 572?
44
What is the greatest common factor of 588 and 14?
14
What is the greatest common divisor of 135 and 54?
27
Calculate the greatest common factor of 23 and 23.
23
What is the greatest common divisor of 378 and 14?
14
What is the greatest common factor of 4410 and 196?
98
Calculate the greatest common divisor of 14 and 6881.
7
What is the highest common divisor of 79 and 14694?
79
Calculate the highest common divisor of 2183 and 37.
37
Calculate the highest common divisor of 592 and 814.
74
Calculate the greatest common factor of 12 and 864.
12
Calculate the greatest common divisor of 1620 and 420.
60
What is the highest common factor of 176 and 108?
4
What is the greatest common factor of 99 and 53559?
99
Calculate the highest common factor of 110 and 610.
10
Calculate the highest common factor of 231 and 847.
77
Calculate the highest common factor of 960 and 40.
40
What is the highest common factor of 1711 and 177?
59
What is the highest common divisor of 1800 and 32?
8
What is the greatest common factor of 124 and 6?
2
What is the greatest common divisor of 52 and 286?
26
Calculate the greatest common factor of 442 and 68.
34
What is the highest common divisor of 54 and 117?
9
Calculate the highest common divisor of 79 and 553.
79
Calculate the highest common divisor of 38 and 513.
19
What is the greatest common factor of 27 and 1629?
9
Calculate the highest common factor of 5621 and 77.
77
What is the greatest common factor of 195 and 90?
15
Calculate the highest common factor of 8 and 54.
2
Calculate the highest common factor of 1744 and 981.
109
What is the greatest common factor of 12 